-836 - (0 + 8 + 2)?
-16
Calculate (-25 - -55) + -10 + (11 - (7 - 1)).
25
What is the value of (3 - (-19 + -44)) + -38?
28
Calculate -29 - (7 + -14 + -11).
-11
What is the value of (1 - 11) + (-38 - -14) + 28?
-6
What is (-7 + (28 - 16) - (1 - -2)) + -2?
0
Evaluate (-7 + 24 - 17) + (-2 - 0 - -9).
7
(2 - (2 + -7)) + (-8 - -1) + 8
8
Calculate (0 - 2) + -39 + 65.
24
17 - -10 - 26 - ((28 - 2) + 3)
-28
Calculate 20 - 29 - (8 - 24).
7
Calculate -4 - (-15 + (8 + -17 - -3)).
17
What is -21 + (28 - 54) + 39?
-8
-2 + (2 - 2) + -52 + (53 - -33)
32
What is the value of 3 + (0 - -2) - (23 - -3)?
-21
What is 8 - (8 + -1 + (7 + -3 - 11))?
8
21 - (-21 + (-4 - -24))
22
(0 - -2 - (-6 + 10 - 3)) + 5
6
Evaluate 25 + -10 + (4 - 11).
8
Calculate 15 + 14 + -13 + 36 + -14.
38
Evaluate (7 - -13) + (-9 - -1) - (13 + 28).
-29
4 + -1 + 1 + 0 + 42 + -48
-2
What is the value of 5 + -7 + 14 + -4 + (-12 - -4)?
0
What is the value of (1 - -15 - 7) + -20 + (-9 - -6)?
-14
What is the value of 61 - 120 - (-33 - -3)?
-29
-11 + ((0 - 1) + (-37 - -36) - 6)
-19
What is the value of 11 + -5 + -19 + 2 - (-5 + 4)?
-10
What is the value of -16 + 8 + 12 + 6?
10
What is the value of -3 + (-18 - -10 - -3) + 7?
-1
What is the value of 4 + -33 + 3 - -49?
23
What is the value of 4 - (-6 + 11 + -9 - (-5 - -13))?
16
Calculate (3 + -11 - 3) + -5 + 16.
0
What is the value of -13 + (-2 - -8 - (16 + -16 + 4))?
-11
What is -4 + -1 + 17 + -1 + (-4 - -2)?
9
What is (17 - 16) + 25 - 21?
5
Evaluate -23 + (4 + -3 - (-3 - (3 - 11))).
-27
19 + (5 + (-2 - 12) + 9 - 9)
10
(-184 - -182 - (-8 - (0 - 1))) + 0
5
Calculate (-1366 - -1353) + (20 - 0).
7
Calculate 17 - (7 + (13 + -8 - 8)).
13
Evaluate -5 + 1 + 4 + 10 + 1 + -9.
2
Evaluate (2 - (-3 - 30) - -3) + (-167 - -166).
37
What is the value of 5 - 4 - (-70 - -74 - (-3 - 2))?
-8
Calculate 0 - (0 + 3 + -1 - (7 + -2)).
3
Calculate -7 + (-19 - -10 - -12) + 2.
-2
What is 18 + (7 - 2 - 12)?
11
What is the value of (-7 - (-4 - 2)) + 0 + -2?
-3
2 + -10 + (-16 - -18)
-6
Calculate 0 - -9 - (-39 + -36 + 59).
25
Evaluate 7 - ((19 - 14) + -4).
6
Calculate 27 + -45 + -1 + 9 + -1.
-11
16 - -5 - (13 + 10)
-2
Evaluate -1 + 7 - (3 + 15 + -6 + -12).
6
Calculate 10 - 3 - (-10 + 2) - (1 + 6).
8
(3 - (0 + 27)) + (-52 + 17 - -30)
-29
Calculate -13 + 5 + (-8 - (-9 - -12)) + -4.
-23
(0 - 0) + 1 + -8 + (0 - 6)
-13
What is the value of -17 + -1 + 1 + -1 + (906 - 900)?
-12
Calculate -8 + (-13 + 6 - -12).
-3
What is the value of -162 + 157 - (-24 - (1 - 0))?
20
What is the value of (16 - (10 + -17 - -12)) + -16?
-5
Calculate 3 + (-7 - -2) + 15 + 18 + -35.
-4
Evaluate (6 - -4) + -27 + 22.
5
-20 - -12 - (0 + -7 - 8)
7
What is the value of -9 - (11 - 8 - (-25 - -14))?
-23
What is (61 - 68) + 0 + -12 - -9?
-10
5 - 0 - 5 - (24 + -2)
-22
1 + -2 - -7 - (49 + -35)
-8
Evaluate 7 + (-4 - 1) + (-3 - -1).
0
What is (21 - 12) + -12 + 8?
5
Evaluate -178 - -168 - (-34 + 1).
23
What is the value of -14 + -58 - -21 - -29?
-22
28 - (12 - (11 + (-10 - -9 - 9)))
17
What is -1 + -1 - (70 - 68)?
-4
What is the value of 0 - 16 - (505 + -531)?
10
Calculate -2 - (-8 + 3 + 16) - -1.
-12
What is (-1 - -3) + (107 - 99)?
10
What is the value of (-23 - -32) + (-13 - 4)?
-8
12 + (-8 - (-3 + -8))
15
(33 - (40 + -33)) + -33
-7
(2 - (-5 - -21)) + 4
-10
Calculate -12 - (-15 + (5 - 1)).
-1
What is 16 + (2 - 5) + -412 + 399?
0
What is -5 + (-2 - (-22 + 10) - (17 - -1))?
-13
What is 1 + 6 - (-35 - (-31 - 1))?
10
Calculate -18 - (-19 + (1 - -11) + -10).
-1
Calculate -63 + 61 + (1 - -1) + 6 - 14.
-8
Calculate 2 - ((-7 - -2) + -4) - 4.
7
What is 11 + -46 + 4 + 17?
-14
Evaluate (-68 - (2 + -76)) + 0 + (1 - 5).
2
What is the value of (3 - (-3 - -3) - 0) + (41 - 24)?
20
What is the value of -136 + 144 - ((0 - 6) + -2 + 0)?
16
-14 + -1 + (-227 - -247)
5
-2 - -1 - 28 - (-1357 + 1340)
-12
Evaluate 13 - ((0 - 18) + (77 - 76)).
30
What is -31 - (-8 + (-12 - 0))?
-11
Calculate 1 - (-3 + -8) - (-37 - -50).
-1
-1 + 28 + (95 - 108)
14
Calculate -1 + 50 - (-102 - -111) - 15.
25
What is the value of -2 + -28 + 17 - -11?
-2
-12 - -3 - ((-1 - -2) + -4)
-6
Calculate (3 - ((-12 - -14) + 6 + 0)) + -6.
-11
20 + (-4 - (-6 - (5 + -14)))
13
What is the value of (62 - 76) + (0 - -17)?
3
24 + (-31 - (-24 + 9))
8
What is the value of -25 - (2 - -6 - (7 - -9))?
-17
What is the value of (-6 - (33 - 20)) + 3?
-16
What is the value of -6 - (-2 - 3 - 1 - -5)?
-5
What is -3 - -20 - (58 - 38)?
-3
What is the value of (-3 - 7) + (-22 + 23 - -8)?
-1
Evaluate -11 - (-41 - ((-15 - -12) + -1 + -1)).
25
Calculate -42 + 39 + -20 + (-5 - 3 - -2).
-29
Calculate 10 - (4 - -1 - (-15 - -6)).
-4
What is -8 - (-8 + 11 - (-9 + 21))?
1
What is the value of 23 + -14 + (-12 - (2 + 2))?
-7
Evaluate -17 + (-12 - (-6 - 12)).
-11
What is the value of -3 + 19 - (217 - 183)?
-18
What is 0 - -22 - 2 - (36 + 24 - 59)?
19
Evaluate -49 - (1 + (5 - (14 + 0)) - 4).
-37
What is the value of (1 + -3 - ((2 - 12) + 3)) + -30?
-25
Calculate -6 + 15 + -18 + 12.
3
Calculate 26 + 0 + (-8 - (-19 + 12)).
25
What is the value of 2 - (-9 + (2 + 0 - (-3 + 1)))?
7
24 + (2 + 10 - 37)
-1
What is the value of 25 - (4 - ((2 - 1) + -6))?
16
What is the value of -5 + -8 + 12 + 7 - 9 - 15?
-18
Calculate -1 - 11 - (-12 - 4) - 26.
-22
What is (-1 - -6) + (-1 - 2) - 0?
2
Evaluate (28 - -1) + 51 + (-92 - -37).
25
Evaluate 31 - ((-9 - -28) + -8 + 0).
20
Evaluate 0 + 8 - (-4 + 9 + 6 + -8).
5
What is the value of (0 - (-4 - (-2 - -7 - 11))) + 3?
1
-1 + (-7 - ((1 - 10) + 104 + -107))
4
What is the value of (-3 - 0 - -3) + (-16 - 2) + 12?
-6
Evaluate (-17 - (9 - (-2 + 13))) + -2 + 8.
-9
What is the value of 17 + (-1 - 19) + (-1 - 0)?
-4
Calculate (-15 - 5 - -16) + -2.
-6
Calculate 4 - (25 + -5) - -9 - (-5 - -1).
-3
What is the value of (9 - 21) + (-10 - (-6 + 7))?
-23
What is (-93 - -90) + 0 + (9 - 3)?
3
What is 10 - (1 + (-3 - (2 + -5)))?
9
Evaluate -12 + (1 - (-15 - 8) - 4).
8
What is -17 + (-2 - -9) - (-6 + 8)?
-12
What is the value of 20 + 16 + (0 - -2 - (51 + -42))?
29
What is 37 + 1 + (16 - 6 - 7) + -9?
32
((-21 - -23) + (-2 - 5) - 1) + -6
-12
Calculate -3 - (16 + 10 + -22).
-7
What is (-2 - 0) + -6 + 1 - (15 + -52)?
30
Evaluate -11 + -3 + 4 + 15.
5
Calculate 4 - 10 - 1 - -5 - (0 - -2).
-4
What is the value of 7 + 0 + (5 - (13 - 9))?
8
Calculate (-5 - (8 + -1 + -8 + -6)) + 6.
8
What is -14 + 11 - (5 - (-1 + -1) - 1)?
-9
Evaluate -18 - ((20 - 3) + -39).
4
3 + (-11 - (7 + -7)) + 11
3
Evaluate -69 + 70 - ((4 - 3) + -9).
9
(10 - ((8 - 5) + 2)) + 34 + -44
-5
Evaluate (18 - (-9 + 22)) + -5.
0
What is the value of -44 - (-37 - (8 + -17) - -17)?
-33
Evaluate -101 + 117 + 3 + -26.
-7
What is -38 - (38 + -25 - (4 + 21))?
-26
20 + (-3 - -15) + -7 + -18
7
Calculate -2 - (-2 - -3) - (-6 - -30 - 31).
4
Evaluate 9 - ((-1 + -5 - -16) + 9) - 19.
-29
Evaluate -7 - -2 - (-12 + -6 + 12) - -15.
16
What is the value of 41 + -32 - (4 - 0)?
5
1 + -9 + (387 - 407)
-28
Evaluate (75 - 52) + (-9 - (-2 - (-2 - -1))).
15
-22 + (30 + -31 - -28)
5
20 + (13 + -4 - 9) + -1 + -4
15
What is the value of 27 + -14 - 28 - -12?
-3
What is the value of 14 + -11 - 2 - -2?
3
What is the value of 0 + (-8 - -6) + (5 - 6 - -3)?
0
2 + -4 + (4 - 21) - (-3 + -4)
-12
Evaluate -6 + 1 - (-45 - (-2 + -19 + 0)).
19
Evaluate (-13 - (-15 + 28 + -26)) + 5.
5
What is -10 + 23 - (12 - 11)?
12
What is the value of 2 - (-3 + 21) - (33 + -33 + -5)?
-11
Calculate 3 + (25 - 13) + -1.
14
Evaluate 258 + -276 + 4 + 0.
-14
Calculate -4 - (-6 + (13 + -1 - 2) - -6).
-14
Evaluate -20 - (-42 - -20) - -10.
12
4 + 2 + (22 - 15 - 10)
3
What is 16 + 2 + (3 - 7) + -5?
9
Evaluate -26 + -1 + (1 - -1) - (0 - 4).
-21
What is the value of 9 + (-46 - -52) + -11 + (-2 - -2)?
4
Calculate (2 + 16 - 29) + 3.
-8
What is -1 - -9 - 2 - (7 + 2)?
-3
Calculate 5 + 0 + -1 + -3 + 12.
13
What is 8 + (-56 - (9 - 50))?
-7
Evaluate 4 + -3 + -10 - (58 + -2 + -45).
-20
Evaluate (59 - 62) + 1 + (19 + -1 - -2).
18
What is the value of (-16 - (-4 + 0)) + 138 + -126?
0
What is -2 + -26 + 41 - (-2 - (0 - -1))?
16
-14 - (3 + -9 + 33 + -29) - -4
-8
Calculate -1 - (3 + 24) - (34 + (22 - 49)).
-35
Calculate 92 + -133 - (-1 - 5).
-35
Calculate 2 + (6 - (1 - -3) - 6) + 0.
-2
Evaluate -11 + (-29 - -33) + -24.
-31
Calculate -3 - (12 - 17) - 11.
-9
Evaluate ((6 - 5) + -6 - 6) + 7.
-4
Evaluate 13 - (-1 + 2) - ((-14 - -2) + 